
Suppose -47 - 38 = -5*j. Let v be -2 - (-2)/(3 - 4). Let b = v + j. What is the remainder when 37 is divided by b?
11
Suppose -13 = -2*j - 4*q + 31, -5*j + 4*q = -40. Calculate the remainder when 71 is divided by j.
11
Let h = 25 + 10. What is the remainder when h is divided by 9?
8
Let y(o) = -4*o - 69. Let r(m) = m + 17. Let v(t) = 9*r(t) + 2*y(t). What is the remainder when 47 is divided by v(-7)?
7
Suppose 0 = 3*v - 9, -2*w = -6*w - 5*v + 339. What is the remainder when w is divided by 28?
25
Let g = 87 + -61. Suppose 11 = 3*m + f, -m - 3*f = -4*m + 3. Suppose -2*x + 25 = -m*c, 0*x + 2*c - 16 = -x. Calculate the remainder when g is divided by x.
12
Suppose -3*p = -6, 3*w - p - 132 = 2*w. Calculate the remainder when w is divided by 45.
44
Let x = -8 - -5. Let j be ((-2)/x)/((-2)/(-60)). Calculate the remainder when 31 is divided by j/2 - 4/(-4).
9
Suppose -14*h + 6*h + 88 = 0. What is the remainder when 32 is divided by h?
10
What is the remainder when (-92)/10*-1*5 is divided by 5*((-6)/(-5) + 2)?
14
Suppose -3*m = -5*m + 4. Suppose 2 - 7 = -5*b. Calculate the remainder when 3/m - (-10)/20 is divided by b.
0
Let j(l) = 3*l + 1. Let h = 88 + -60. Calculate the remainder when h is divided by j(3).
8
Suppose -6 = 2*h - h. Let v be 16/h*(-9)/6. Suppose 2*u = -0*u + v*r + 34, 2*u - 5*r = 36. What is the remainder when u is divided by 5?
3
Let j = -25 - -35. Let c = 57 - 28. Suppose 0*q = -q + 5*k + c, -4*q = -2*k - 80. What is the remainder when q is divided by j?
9
Suppose -3*g - 6*r + 2*r + 43 = 0, 87 = 5*g - r. Suppose 2*q + 3*q - 120 = 0. Suppose 0 = -4*z - 0*z + q. What is the remainder when g is divided by z?
5
Suppose -2*f + 102 = f. Suppose -4*y + 16 = 2*u - f, 4*u = -2*y + 70. Let p = u + -3. What is the remainder when 35 is divided by p?
11
Suppose -x - 4*q + 30 = 0, 2*x + 0*q + 4*q - 44 = 0. Calculate the remainder when (-552)/(-20) + (-6)/10 is divided by x.
13
Suppose 9*j - 10 = 4*j. Suppose -j*w + 34 = 2*s, 3*s + 61 = w + 3*w. What is the remainder when 62 is divided by w?
14
Let q = -12 - -13. Calculate the remainder when 32 is divided by q/(4/68) + 0.
15
Let l(q) = q - 12. Let d be l(6). Let f(v) = v**3 + 7*v**2 + 2*v + 7. Let n be f(d). Let m = n + -19. Calculate the remainder when m is divided by 5.
2
Let h(j) = -j**2 + 16*j + 3. Let n be h(16). Suppose 3*w = 2*y - n, 5*y + 3*w + 4 = 43. What is the remainder when (-2)/5 - (-117)/5 is divided by y?
5
Let u(p) = 10*p**3 + p**2 - 1. Suppose -3*b = -8 - 1. Calculate the remainder when (147/(-14))/(b/(-8)) is divided by u(1).
8
Let f(m) = 5 + m + m**2 + 2*m - 2*m. What is the remainder when 32 is divided by f(-4)?
15
Suppose 0*c - 2*c + 6 = 0, 39 = 3*s + 2*c. What is the remainder when 21 is divided by s?
10
Suppose 3*b - b - 76 = 0. Calculate the remainder when b is divided by 20.
18
Suppose -6*l = -l - 55. Calculate the remainder when 20/60*(122 + 1) is divided by l.
8
Suppose 2*f = -3*w, 2*f + w - 7 = -f. Let l(u) = -u**2 - 6*u - 2. Let x be l(-4). Let c(k) = -k**2 + 5*k + 8. Calculate the remainder when f is divided by c(x).
1
What is the remainder when (-1)/(-2) + 77/2 is divided by 15?
9
Suppose -16 = x + d, 5*x + 2*d + 32 = -36. Calculate the remainder when 18 is divided by 2/8 + (-81)/x.
4
Suppose s + 3*h - 10 = -4, -5*h = -3*s - 24. Let r be (-4)/s*(-6)/(-4). Suppose 2*o - 4 = 5*d, -r*d = -4*d. Calculate the remainder when 4 is divided by o.
0
Suppose -m + 7 = 2. Suppose 6 = -2*d + m*d. Suppose d*y = -3*y + 200. Calculate the remainder when y is divided by 14.
12
Suppose 5*a + 3*f + 8 = -2, 4*a + 5*f = -8. Let o = 0 - a. Suppose b - 30 = -2*b - 5*k, 5*b - o*k = 19. What is the remainder when b is divided by 3?
2
Let t(z) = -z**2 + 8*z - 1. Let f be t(6). Let i = 54 - f. Calculate the remainder when i is divided by 15.
13
Let g be 21/3*(-1 + 4). What is the remainder when (-1)/(-3) + 665/g is divided by 9?
5
Suppose 6*w + 6 = 3*w. What is the remainder when -3 + 0 + (-52)/w is divided by 9?
5
Suppose -4*j = -2*u + 164, -5*u - 4*j = -171 - 197. Let g = u - 35. What is the remainder when g is divided by 14?
13
Suppose -3*w + 9 + 6 = 0. Calculate the remainder when w is divided by 1.
0
Suppose 0 = 5*q - 3*b + 2, 4*b + 2 = 5*q + 8. Suppose -5*y = -q*y - 30. Calculate the remainder when 27 is divided by y.
7
Let q = -13 - -28. What is the remainder when q is divided by 4?
3
Suppose -6 = -3*i - 2*h, 0 = 2*i - 4*h - 0 - 4. Suppose 0*r + 16 = i*r. Calculate the remainder when 21 is divided by r.
5
Let q = -2 + -10. What is the remainder when (-6)/4 + (-490)/(-28) is divided by 8/q + 20/3?
4
Suppose -11 = -d + 16. Suppose 0 = n - 4*n + d. What is the remainder when n is divided by 3?
0
Let c(z) = -2*z - 14. What is the remainder when 3 is divided by c(-8)?
1
Let u(k) = 3*k - 4. Let b be u(3). Suppose -4*d + 143 = -d + 5*c, -5*d + 235 = b*c. What is the remainder when 29 is divided by 2/(-6) + d/3?
14
Suppose -2*t + 3*t = -3. Let a be 1 + (t + 0)/(-3). What is the remainder when 18 is divided by (-1*a + 12)*1?
8
Let i = -17 - -9. Let m(k) = k**3 + 10*k**2 + 11*k + 3. Calculate the remainder when m(i) is divided by 15.
13
Let k = -48 + 83. Calculate the remainder when 103 is divided by k.
33
Let a(v) be the second derivative of v**3 - v**2 + 5*v. Calculate the remainder when a(4) is divided by 7 - (-1 - (0 + 0)).
6
Let g = 28 + 6. Suppose -n + 0 = -3. Suppose n*j - 3*m = 42, 3*j - 38 = j + 4*m. Calculate the remainder when g is divided by j.
7
Let s(z) = 111*z**2 + 4*z + 3. Calculate the remainder when s(-1) is divided by 38.
34
Suppose 13 + 8 = z. What is the remainder when z is divided by 8?
5
Let r(m) = -m**2 - 10*m - 3. Calculate the remainder when 131 is divided by r(-5).
21
Suppose -3*a = 3*r - 69, 0 = -3*r + a + 2*a + 39. Calculate the remainder when 52 is divided by r.
16
Suppose -3*z = -5*q + 8, 3*z + 3*q = -0*z. Let u(c) = -24*c + 1. Calculate the remainder when u(z) is divided by 9.
7
Suppose 2*j - 27 - 21 = -5*p, -52 = -4*j + p. Let u(i) = 7*i - 3. What is the remainder when u(6) is divided by j?
11
Let j(d) = d**3 - 5*d**2 + d + 5. Calculate the remainder when j(5) is divided by 4.
2
Let j(s) = -s**2 - 7*s + 7. Let t be j(-6). Suppose 2*q = t + 17. What is the remainder when q is divided by 9?
6
Suppose -3*z - 3*z + 108 = 0. What is the remainder when z is divided by 5?
3
Let j = -4 + 9. Let w(l) = -2*l**3 + 0*l**3 - 4*l**2 - 3*l + 3*l**3 - 4. What is the remainder when 10 is divided by w(j)?
4
Suppose b - 9 - 6 = 0. Calculate the remainder when b is divided by 3.
0
Let f(j) = 6 - 3*j**2 - 2 - j**3 - j**3 + 5*j + 3*j**3. Calculate the remainder when 55 is divided by f(3).
17
Suppose -f + 12 + 12 = m, 45 = 2*f - m. Calculate the remainder when f is divided by 6.
5
Let w = -2 + -1. Let v be 94/6 - 1/w. Calculate the remainder when 43 is divided by (-1)/(-1 + 2) + v.
13
Let o(d) = -16*d + 6. Suppose 0 = t - v, -2*v = 2*t - 3*v - 4. Let r be o(t). Let g = -21 - r. Calculate the remainder when g is divided by 19.
18
Calculate the remainder when 2 is divided by (-304)/(-72) - (-2)/(-9) - 2.
0
Let c(p) = p**3 + 5*p**2 + 3*p. Let o be c(-4). What is the remainder when 22 is divided by (-1)/o + 165/20?
6
Let b = 7 - 0. Let v = b - -7. Calculate the remainder when 26 is divided by v.
12
Suppose 3*x - 6 = 2*g, -2*g - 3*x - 12 = 2*g. Calculate the remainder when ((-287)/g)/(-7)*-3 is divided by 11.
8
Let z be (1 + 0 + -1)*1. Suppose r = 3, 3*j + z*j = 5*r - 9. Suppose -14 = -f + j*h, -2*h + 4 + 0 = 2*f. Calculate the remainder when 16 is divided by f.
4
Let k be 21 + 3/2*-2. Calculate the remainder when 22 is divided by 20/(-6)*k/(-10).
4
Let g = 101 + -85. What is the remainder when 45 is divided by g?
13
Let j = 65 + -38. What is the remainder when j is divided by 14?
13
Suppose 3*g + 2*g - 50 = -2*o, 5*o + 2*g - 146 = 0. Suppose 14 = 4*p + 2, -351 = -3*n + p. What is the remainder when n is divided by o?
28
Let n be (-4)/6 + 28/6. Let d be 2/3*18/n. Let q = d - 2. Calculate the remainder when q is divided by 1.
0
Suppose -4*d + 2 = -6. Let r be (1/(-3))/(d/(-18)). What is the remainder when 29 is divided by -3*(0 + -2 - r)?
14
Let o(z) = -1 - z**2 - z + z**2 + z**2. Calculate the remainder when 1 is divided by o(2).
0
Let t be (1/2)/((-9)/432). Calculate the remainder when